 be -19*(2 - m)*2. Is s - (-1 + 1 + 3) prime?
False
Suppose 3*i + 2177 = 5*i + d, 3*i = 3*d + 3288. Let c = -660 + i. Suppose -13 = -4*t + c. Is t prime?
False
Suppose 3*i = -2*m - 8, -2*m = -i - 6 - 2. Let s(u) = 2*u**2 + 4*u + 6. Is s(i) a composite number?
True
Let o(k) = k**3 + 8*k**2 - k - 4. Let x be o(-8). Suppose 0 = s + 5*n - 135, 5*s - 737 + 146 = -x*n. Is s prime?
False
Suppose -g + 4*a = -14963, 5*g + 5*a = 2*a + 74907. Is g composite?
True
Suppose 2*t - 830 = -2*u - 3*t, -u + 414 = 2*t. Let v = -1073 - -1830. Let h = v - u. Is h prime?
True
Let d be (-81)/(((-30)/145)/6). Suppose c = d - 196. Is c prime?
True
Is 156/(-27) + 6 + 13154/18 a composite number?
True
Suppose 3*u + 0*u = 15. Suppose u*w - 2*w = 3*s - 3, -4*s = 5*w - 40. Suppose 4*y = s*y - 877. Is y a composite number?
False
Let f = 50 + -46. Suppose 1631 = u + f*b + 258, -u + 5*b = -1346. Is u prime?
True
Let z(y) = 235*y - 529. Is z(30) a composite number?
False
Let s(q) be the third derivative of -5*q**2 + 0 - 4*q**3 + 7/12*q**4 + 0*q. Is s(7) composite?
True
Let n = -9 - -12. Let c(o) = 70*o**2 + 8*o - 7. Is c(n) a prime number?
True
Suppose 0 = -2*l + 4*s - 4, 4*s + s = 4*l + 20. Is l/45 + (-5699)/(-9) prime?
False
Let z(l) be the first derivative of -l**3/3 + 3*l**2 - 5*l + 6. Let s be z(5). Is s/(1*-4) - -49 a prime number?
False
Let m be 1/2 - (-173)/(-2). Let s = -17 - m. Is s composite?
True
Let w = -2605 + 4947. Suppose -w = -3*x - 779. Is x a composite number?
False
Let x(l) = 2*l + 9. Let q be x(-10). Let n(o) = -o**3 - 10*o**2 + 12*o + 15. Let a be n(q). Suppose 0 = -a*p + 3502 - 1274. Is p a prime number?
True
Let w(o) = 28*o**2 - 30*o - 9. Is w(8) prime?
True
Let s = 11158 + -5665. Is s a composite number?
True
Let d be 1/((-1)/6*-3). Suppose -d*m = -0*x - 5*x + 5, 0 = -x + 1. Suppose 0 = -3*v - m*v + 291. Is v prime?
True
Suppose 18*d - 188757 - 144549 = 0. Is d prime?
True
Let p = 237 - 40. Suppose 0 = 4*h - 1905 + p. Is h composite?
True
Suppose -4*q - 5652 = 2*r - 4*r, -2*r + 2*q = -5644. Is r prime?
False
Suppose -30*h - 99062 = -278492. Is h composite?
False
Let u(i) = i - 2*i + 1 + 9 - 3*i. Let d be u(5). Let z(r) = 5*r**2 + 10*r + 17. Is z(d) prime?
False
Suppose 4*y = 12*w - 17*w + 167104, 4*w = 16. Is y prime?
True
Suppose q - 7976 + 1844 = 2*d, 5*d - 3*q + 15331 = 0. Let y = -1408 - d. Is y a composite number?
False
Suppose 0 = -63*q + 48*q + 76335. Is q a composite number?
True
Let r = -30 + 54. Suppose r*h + 536 = 28*h. Is h composite?
True
Let y be (8/24)/((-2)/(-18)). Suppose -y*n + 79 = -410. Is n composite?
False
Suppose 2*t + d - 8937 = 0, -4*t - 10747 + 28656 = -5*d. Is t prime?
False
Let v(m) = 1360*m**3 + 3*m**2 - 4*m + 2. Is v(1) prime?
True
Let m(a) = -9*a**3 - 5*a**2 + 2*a + 9. Let t(d) = 9*d**3 + 4*d**2 - 2*d - 8. Let z(w) = -3*m(w) - 4*t(w). Is z(-4) composite?
False
Let l = -21 + 20. Let i be (l/2)/((-1)/6). Suppose i*d + 574 = 2*u, 11 = 2*d + 3. Is u composite?
False
Is -1*(-94694)/10 + 12/(-30) prime?
False
Let b(s) = 252*s**2 - 6*s + 37. Is b(7) a prime number?
True
Let j = 13 - -2. Suppose 2*d - 73 = -h, 0*h + j = -5*h. Suppose 0 = 3*i - 383 + d. Is i a prime number?
False
Let t = -600 + 1379. Is t prime?
False
Let k = 0 + 0. Suppose k = -2*x + 2, -5*x - 441 = -5*l + 4*l. Suppose 0 = -2*i - 0*i + l. Is i prime?
True
Let w be 1/(15228/(-7612) - -2). Is (-2)/(-5) - w/5 a composite number?
True
Suppose 0 = -3*i - m + 5*m - 28027, 2*i - 5*m = -18694. Let g = i - -13979. Suppose -1467 = 5*p - g. Is p composite?
True
Suppose -8*g = -10*g + 14. Is 206*((-84)/(-8))/g a prime number?
False
Let x(r) = -757*r - 195. Is x(-4) a prime number?
True
Suppose -3*v + 3773 = -4*m, 2 + 6 = -4*m. Is v prime?
False
Is (39086 - (-16 + 9)) + 4 composite?
False
Let i(d) = 146*d**2 + 8*d + 3. Is i(4) a composite number?
False
Suppose 0 = 5*m - 4*p + 267, 0 = -4*m + 2*p - 48 - 162. Let f = m + 104. Is f composite?
False
Is (3/12)/((-18)/(-953352)) a prime number?
True
Suppose -15*g + 113616 + 219459 = 0. Is g composite?
True
Suppose 0 = 111*z - 74*z - 169941. Is z prime?
False
Suppose -5*p = 3*d - 7, 4*p + 2*d - 2 = 2*p. Suppose 0 = 2*y + p*m - 1116, -1828 = -5*y - 4*m + 957. Is y prime?
False
Suppose -3*q = 5*a - 5786, 5*q - 2*a + a - 9690 = 0. Is q a composite number?
True
Let o = -3617 + 8052. Is o a prime number?
False
Suppose t + 2*t - 84 = 0. Suppose 4*k - 5 - 2 = w, 0 = 5*w + k - t. Suppose w*o + 0*z - 1293 = -z, 3*o + 3*z - 771 = 0. Is o prime?
False
Let c(a) = 2*a**3 - 16*a**2 + 7*a + 1. Let n be c(12). Suppose -2*u - 3673 = -3*x + 2*u, -x - 5*u = -n. Is x prime?
False
Suppose -665 = -2*c + 1481. Is c a prime number?
False
Let g(t) = t**3 - 4*t**2 - t + 8. Let q be g(4). Suppose -3*x + q*x - 131 = -3*c, -x = -c - 135. Is x composite?
True
Suppose -13*j + 2*j = 11. Let h(l) = -38*l + 5. Is h(j) prime?
True
Let o = 8748 - 5137. Is o a composite number?
True
Let n be ((-8)/2)/(-2) + -4. Let j be ((-9)/(-4))/(n/8). Is 52 + -3 - j/(-3) prime?
False
Suppose -2*b + r = -4, -12 = 5*r - 2*r. Suppose 6738 = -b*g + 2*g + 2*v, -2*v = 4*g - 13468. Is g prime?
False
Let l(v) = -v**3 + 8*v**2 + 8*v - 10. Let c = 16 - 9. Is l(c) a prime number?
False
Suppose -k + 0*g + 5*g + 2453 = 0, 0 = 2*g. Is k a prime number?
False
Let b(n) = -110*n + 1. Let d(s) = s**2 + 4*s - 4. Let u be d(-5). Let z be (u*(1 - 2))/1. Is b(z) composite?
True
Suppose -5*d + 4 = -26. Let u(l) = -l**2 + l - 12. Let h be u(0). Is 105/d + h/(-8) a prime number?
True
Suppose -3*g + 12 = 3. Suppose 3*j - 3*h = -h + 225, -g*j + h = -228. Is j composite?
True
Let x be 17/1 - (-1 + 4). Let a = 101 - x. Is a a prime number?
False
Suppose -2*l - 3*l = 2*f + 2666, -4*l + 2702 = -2*f. Is 0 - (3 + -3) - f composite?
True
Let t be (-2)/(-1)*(11/2 + 1). Suppose 5*h + 139 = 1619. Suppose -h = -t*n + 5*n. Is n prime?
True
Let i be -1*57*(-2)/(-3). Let m = 89 + -116. Let v = m - i. Is v composite?
False
Suppose -534 = -n + 7*n. Let l = n + 168. Is l a prime number?
True
Suppose 20*n - 2228 = 16*n. Is n prime?
True
Let x(o) = o**3 + 10*o**2 + 2*o - 1. Let p(s) = 3 - 3 + 2*s - 4*s + 2*s**2 - 2 - s**3. Let a be p(2). Is x(a) prime?
True
Let x = 14 - 7. Let s = x + -4. Suppose -400 = -s*u - c, -3*u - 2*c + 396 = c. Is u a composite number?
True
Suppose -5*x + 2*x - 54 = -5*y, -21 = -3*y - 2*x. Suppose 7*t + 1004 = y*t. Is t a prime number?
False
Let y be (-4)/(-2) - (-11 + 18). Let x = y + 11. Suppose -5*b - 198 = -2*a, 2*a - b = -x*b + 158. Is a a prime number?
True
Let y(h) be the first derivative of h**3/3 - 3*h**2/2 - 23*h + 19. Is y(-6) a composite number?
False
Suppose 0 = 3*d - 3*o + o - 8, 0 = 3*d + o + 4. Let b(q) = -q**3 + 2*q**2 + 901. Is b(d) a prime number?
False
Let y be ((-60)/15)/(1*-1). Suppose 0*v + 2*v = -y*z + 2220, 3*v - 1102 = -2*z. Is z composite?
False
Let u(f) = -838*f - 729. Is u(-4) prime?
False
Let g(x) = x - 5. Let a be g(8). Suppose 5*p + 3*w = 62, 0*w = 4*p + a*w - 52. Suppose -p = -2*o + o. Is o prime?
False
Suppose -3*h - 3*g + 29820 = 0, -3*h - 4*g + 29821 = -2*g. Is h composite?
False
Suppose 4*r - 8 = -240. Suppose -f - 4*f = -660. Let i = r + f. Is i prime?
False
Let s(y) = -175*y - 496. Is s(-63) a prime number?
True
Suppose -4*l = -4*d, -5*l - 3*d + 2*d - 24 = 0. Let h(s) = s**2 + 3*s - 2. Let c be h(l). Suppose c*k - k = 77. Is k a composite number?
True
Let r = 3707 - 1198. Suppose -5*n - 5*w + 4165 = 0, 0 = -n + 4*n + w - r. Is n prime?
False
Suppose -f - 282 + 1561 = 0. Let n = f + -683. Let h = 881 + n. Is h prime?
False
Suppose -4*u - 661 = s - 1854, -2*s + 2*u = -2436. Is s prime?
True
Let h = 4 + -10. Let f(m) = -m + 344*m**2 - 1 - 5*m - 343*m**2. Is f(h) prime?
True
Suppose -7*i + 14611 = -9028. Is i prime?
False
Let l(j) be the third derivative of 7*j**4/6 + 7*j**2. Let w be l(15). Suppose 3*a - h + 2*h = 635, h = 2*a - w. Is a composite?
False
Suppose 2*k - 17206 = -11*i + 7*i, -43015 = -5*k + i. Is k a composite number?
True
Is 10/15*(-142764)/(-8) a prime number?
True
Let w = -36 + 38. Suppose y + w*y = 4917. Is y composite?
True
Let h be 2*((-15)/6 + 4). Let p = 16 + h. Is p composite?
False
Let d = 666 - 402. Suppose -40 + 566 = 4*p - 2*f, -2*p = -2*f - d. Is p prime?
True
Is (2 + -1 - 2903)*9/(-6) prime?
False
Suppose 0*b - 2*b + 28 = 0. Let y(s) = 